(n - (-155)/(-20)). What is the greatest common factor of 135 and b?
15
Let c(k) = 132*k**2. Let a be c(-1). Suppose 0 = 6*f - 81 - 117. Calculate the highest common divisor of a and f.
33
Suppose 750 = -13*a + 19*a. What is the greatest common factor of a and 5?
5
Let d = 179 - 121. Let t = d - 8. Suppose 5*z - t = -5*a, -2*a - a = -5*z - 38. What is the highest common factor of 22 and a?
11
Let i be (-1)/((-28)/(-12) + -2). Let c = i + 3. Suppose -p = -k, 2*k - 5*p - 1 + 7 = c. What is the highest common divisor of k and 2?
2
Let r(p) = -36*p**3 - 2*p**2 + 3*p - 2. Let i be r(1). Let k = i + 43. What is the highest common divisor of k and 2?
2
Let t be -3*1*406/(-21). Suppose -3*l = -t + 55. What is the greatest common divisor of 9 and l?
1
Let g(u) = -2*u + 14. Let q be g(6). Suppose 0 = d - q*h - 27, d - 16 = h + 11. Calculate the greatest common divisor of 3 and d.
3
Let k = 54 + -2. Suppose k = g + 12. What is the highest common factor of 5 and g?
5
Let i = -16 - -24. Suppose 8*n - 4*n - 12 = 0, 4*d = -5*n + 63. Calculate the greatest common factor of i and d.
4
Suppose 4*u - 15 = -u. Suppose -2*m = -0*i - u*i - 33, 5*m - 3*i = 105. Suppose 0 = -2*o - 0*o + 288. Calculate the greatest common divisor of o and m.
24
Let v be (5 - 11/((-22)/(-20))) + 55. What is the highest common divisor of v and 6?
2
Let o = -30 - -96. Let q(p) = 5 + 0 + 16*p + 4*p**2 - 5*p**2. Let x be q(13). What is the greatest common factor of o and x?
22
Let u be (-6 + 1)*684/(-38). Suppose -56 = o + o. Let t = 46 + o. Calculate the highest common divisor of t and u.
18
Let v be 16/(-3)*495/(-6). Calculate the highest common factor of v and 40.
40
Suppose 4 = 2*t, 5*z - t - 65 = 4*z. Let k = -4 + z. Suppose 36 = 5*b - b. What is the highest common factor of k and b?
9
Suppose 0 = -l - 2*l + 330. Let g(t) = 2*t**2 - 147*t + 566. Let r be g(4). What is the greatest common divisor of r and l?
10
Suppose 3 - 4 = -l. Let z = 10 + l. Suppose v + r = 124, 6*v - 2*r - 478 = 2*v. What is the highest common divisor of v and z?
11
Let y be (-338)/(-3) - (-34)/(-51). Suppose -5*s + 2*q = -6*s + 30, 2*s = -3*q + 59. Let d = s + -14. Calculate the greatest common factor of y and d.
14
Let n(q) = 7*q - 6. Let x be n(2). Let a be x/52 - (-282)/26. Let y be 101/3 + 4/(-6). What is the greatest common divisor of y and a?
11
Let z = 34 - 32. Let b(i) = 16*i**2 + i - 1. Let w be b(1). Let q = 24 - w. Calculate the greatest common factor of z and q.
2
Let s(c) = c**3 - 3*c**2 - 8*c + 7. Let b be s(5). Let r = b + 16. What is the highest common factor of 3 and r?
3
Suppose 0 = -3*h + n + 19, 18 = -h + 3*h + 2*n. Let t = 7441 + -7434. Calculate the greatest common factor of h and t.
7
Let g = -80 - -83. What is the greatest common factor of 57 and g?
3
Suppose -2*a + 19*a - 9367 = 0. Calculate the greatest common divisor of a and 19.
19
Suppose 0 = -5*z + l + 12, -6*l + l + 21 = 2*z. Let n be ((-5)/2)/(z/(-60)). What is the highest common divisor of 20 and n?
10
Let n = -175 + 289. Calculate the greatest common factor of 57 and n.
57
Let j be 2*1 + (2 - 56). Let t = j + 56. What is the highest common factor of t and 28?
4
Suppose -5*r + 5*c + 280 = -0*c, 4*c = -4*r + 232. What is the highest common divisor of 3 and r?
3
Let s be 5 + (-11)/((-154)/966). Calculate the highest common divisor of 2257 and s.
37
Suppose 0 = 40*y - 33*y - 189. What is the greatest common divisor of 9 and y?
9
Suppose -18*c = -19*c + 3*g + 458, -g + 1819 = 4*c. Calculate the highest common divisor of 325 and c.
65
Let p(r) = r**3 - 2*r**2 + 8*r + 5. Let q be p(7). Calculate the greatest common factor of 36 and q.
18
Let t = -3 - -7. Suppose 18 = 2*f + t*b, -3*f = -0*f - 4*b - 47. Suppose 0 = -a + 2*n + f, -2 = -a + n + 8. Calculate the greatest common divisor of 56 and a.
7
Suppose 4*m - 3*u + 56 = -43, -5*m - 122 = -2*u. Let c = m - -48. Calculate the greatest common divisor of c and 24.
24
Let v be 187*(-5 + 18 - 9). What is the greatest common divisor of v and 44?
44
Let i(l) = -11*l + 44. Let b be i(4). Suppose b = 12*t - 6*t - 18. What is the greatest common factor of t and 27?
3
Let z(t) = -60*t - 132. Let c be z(-8). Calculate the highest common factor of c and 12.
12
Suppose 71*w = 79*w - 168. Calculate the highest common factor of 91 and w.
7
Suppose 2*q + 3*s = 483, 255 = 2*q - 5*s - 220. Calculate the greatest common divisor of q and 15.
15
Suppose 86 = 4*r + 358. Let z = -8 - r. Calculate the highest common factor of 100 and z.
20
Let p(c) = c**2 + 3*c + 6. Let b(g) = -g**2 + 6*g - 8. Let n be b(5). Let t be p(n). Calculate the highest common factor of 66 and t.
6
Suppose -k + 4*b = -15, 49*k - 10 = 47*k - 2*b. What is the greatest common divisor of k and 1?
1
Let l be 2/((-28)/(-2098)) - 1/(-7). Let j be ((-8)/(-10))/(15/l). What is the highest common factor of j and 96?
8
Suppose -10*c + 5*c - 4*m = -87, 13 = c + 3*m. Suppose -5*p + 766 = -2*q, 3*q = -5*p + q + 754. Calculate the highest common divisor of c and p.
19
Suppose -4*a - 15 + 67 = 0. Suppose 8*r - 23*r = 0. Suppose 3*i - 68 - 49 = r. What is the greatest common divisor of a and i?
13
Let t be (-24)/(-10)*(-1520)/(-24). Let p = t + -62. What is the greatest common factor of 10 and p?
10
Let b = -5 + 45. Suppose 2*v - 135 = -5*a, -4*a + 4*v = 2*v - 90. Suppose 6*r - a = r. Calculate the greatest common factor of b and r.
5
Let w be (-6)/39 + 10237/377. Let l(v) be the first derivative of 19*v**3/3 + v**2 + v + 2. Let k be l(-4). Calculate the greatest common factor of w and k.
27
Suppose j + 756 = 19*j. Calculate the greatest common factor of j and 112.
14
Let r(o) = o + 0 - 2*o - 2 + 1. Let u be r(-4). Suppose 6*i - 5*w = i + 25, 2*i - 3*w - 6 = 0. Calculate the highest common factor of u and i.
3
Let k = -61 - -115. Suppose 0 = -13*y + 10*y + k. Calculate the highest common factor of 144 and y.
18
Let d be (-116)/(-4) - (-2 + 1). Let w = d + 33. What is the highest common divisor of 21 and w?
21
Let k be 529 + ((-12)/4 + -4 - -3). What is the greatest common factor of 21 and k?
21
Let m be -3 + 3 + 0/(-1). Suppose -d + 14 - 2 = m. Let s = 70 + -34. What is the greatest common divisor of s and d?
12
Suppose -2*n + 5486 = 5*s + 1409, 6141 = 3*n - s. Calculate the highest common factor of 66 and n.
66
Let q be (720 - -16)/(0 + 2/4). What is the greatest common divisor of q and 23?
23
Suppose -m - 4*m - 105 = 0. Let r = m + 30. Let l(b) = 2*b - 11. Let c be l(r). Calculate the highest common divisor of c and 35.
7
Let d = -297 + 360. Calculate the greatest common divisor of d and 336.
21
Let m be (-1853)/(-6) + (-4)/(-24). What is the highest common divisor of m and 3?
3
Suppose -5*l = -4*s + 98, 108 - 19 = 3*s + 4*l. Let a(h) = 6*h**2 - 28*h + 37. Let k be a(7). Calculate the highest common factor of k and s.
27
Let o(a) = -a**2 + 12. Let v be (-12)/8*-1*-4. Let l be o(v). Let g = l + 35. Calculate the highest common factor of 11 and g.
11
Let k(u) = -u**3 + 18*u**2 + 15*u + 8. Let o be k(19). Let m = -58 - o. What is the greatest common factor of 25 and m?
5
Let f(k) = -k + 35. Let u be f(-11). Let x = u - 40. Suppose 0 = -3*b + 152 + 46. Calculate the highest common divisor of b and x.
6
Let l be -4 - 3*2/(-6). Let i be -2 + (-118)/1*l. What is the greatest common divisor of i and 32?
32
Let m be (-58)/(-14) - (-19)/(-133). Calculate the highest common divisor of m and 54.
2
Suppose 453 + 231 = 9*p. What is the greatest common factor of p and 133?
19
Let p(x) = -x**2 + x. Let u(o) = -8*o - 7. Let d(m) = p(m) - u(m). Let c be d(8). Let w be (5/c)/(2/126). What is the greatest common divisor of w and 7?
7
Suppose 4*j = -3*b + 25, -7*b - j = -2*b - 19. Suppose -60 = -2*q + 3*c, 4*q - c = -0*c + 110. What is the highest common divisor of q and b?
3
Let h be 2/19 - (-566)/38. Calculate the highest common factor of 2025 and h.
15
Suppose 4*w = 3*n + 215, 3*w - 4*n = 5*w - 124. Let i = 46 - 32. Calculate the greatest common divisor of w and i.
14
Let s(v) = 131*v**3 + v**2 - 2*v - 2. Let i be s(-1). Let y = -49 - i. What is the greatest common factor of y and 9?
9
Suppose 0 = f - 9 - 0. Let s(g) = -g**3 + 6*g**2 - 4*g + 16. Let l be s(6). Let y be 2/l*-10*(-12)/(-5). Calculate the highest common factor of y and f.
3
Let i be 18/(-4) + (-901)/